by 38?
31
Suppose -2*x = -4*i - 78, 90*x + 42 = 91*x - 3*i. What is the remainder when 97 is divided by x?
31
Suppose -u - 21 = -3*f + u, -5*f + 30 = -5*u. Suppose 17 + 586 = 3*n. Let z = n - 196. What is the remainder when f is divided by z?
4
Let b(k) = -12*k - 20. Suppose -5*x - 48 = -0*x - 2*f, -12 = 2*x + f. Let o(i) = -12*i - 3. What is the remainder when b(x) is divided by o(-2)?
13
Suppose -11*j = 3*o - 11797 + 3164, 2*o = 4*j - 3164. Calculate the remainder when j is divided by 170.
107
Suppose 10 = -3*n + 64. Suppose -2*w - 5*s + 80 = 0, 0 = 3*s - 0*s + 12. Calculate the remainder when w is divided by n.
14
Suppose -27 + 23 = -j. Suppose j*l + 0*l = 16. Suppose l*r - 77 = 71. Calculate the remainder when r is divided by 10.
7
Suppose -193*r + 41814 = -92*r. What is the remainder when r is divided by 136?
6
Let v(z) = 6*z**2 + 37*z + 6. Let m be v(-6). Suppose 53*k - 5*k - 4176 = m. What is the remainder when k is divided by 23?
18
Let v(i) = -i**2 - 25*i + 52. Let g(p) = -9*p**2 - 53*p - 20. Let n be g(-6). Calculate the remainder when 177 is divided by v(n).
21
What is the remainder when 335 is divided by ((-14)/(-6))/(10/(-4) + 442/156)?
6
Let i(p) = 14*p**3 + 3*p**2 + 3*p - 1. Let q(u) = -706*u + 3543. Calculate the remainder when i(3) is divided by q(5).
10
Suppose -3*h - 114 = -6*h. Suppose 0 = -13*m + 19*m + 18. What is the remainder when 2 + m + 68 + 6 is divided by h?
35
What is the remainder when 2121 is divided by -40*((-19)/88 + 4/44)?
1
Suppose 0 = 31*s - 10775 - 695. Suppose -4*a + 1015 = -x, -2*a + 133 = x - s. Calculate the remainder when a is divided by 87.
79
Suppose 118*a = -188*a + 1183302. What is the remainder when a is divided by 155?
147
Let m(j) = -j**3 - 8*j**2 - 24*j - 46. Calculate the remainder when m(-8) is divided by 92.
54
Let b = 6141 + -6117. Calculate the remainder when 8683 is divided by b.
19
Let n be 4 + (1 + 1 - 1). Suppose -3*b + 26 = b - n*c, -22 = -3*b + 5*c. Suppose -107*d + 3003 = -30*d. What is the remainder when d is divided by b?
3
Let k = -8141 - -8169. What is the remainder when 178 is divided by k?
10
Suppose -h = -4*f - 88, -h - 2*h + 316 = f. Suppose -3*w = q - 46, 0*w + 3*w = -2*q + h. Calculate the remainder when 113 is divided by q.
55
Let a = -907 + 934. Calculate the remainder when 379 is divided by a.
1
Let i be ((-120)/45)/(2/(-6)). Suppose -i*k = -0*k - 568. Calculate the remainder when k is divided by (-16)/10*(-15)/2.
11
Suppose -4*c - 66 - 62 = 0. Let y = 34 + c. Suppose 0 = y*j - 22 - 30. What is the remainder when j is divided by 14?
12
Suppose 14 = 4*r + f, -2*r + 3*r + 4*f - 11 = 0. Let y = -1 + r. Suppose -4*o - y*g + 174 = 0, 137 = 3*o + g + 4. What is the remainder when o is divided by 24?
22
Let m(b) = -b**3 - 4*b**2 - 50*b - 426. What is the remainder when m(-11) is divided by 6?
5
Let k = 57134 - 36497. Calculate the remainder when k is divided by 20.
17
Calculate the remainder when (9/(-2))/(-6 + 957/160) is divided by 9.
6
Let z be -21*((-122)/63 - (-2)/9). Suppose -z*o + 37*o - 7 = 0. Suppose -140 = -3*a + o. What is the remainder when a is divided by 10?
9
Calculate the remainder when 4354 is divided by (-5)/40*-4*(63 - 45).
7
Let r be 24*(-13)/(78/(-4)). Suppose -246 = r*p - 3398. What is the remainder when p is divided by 67?
63
What is the remainder when 499 is divided by ((-69)/2)/(-2 + (-40)/(-32))?
39
Suppose 0 = -3*s - 15, 2606 = 3*i - 4*s + 3*s. Suppose -18*y + i = -2121. What is the remainder when y is divided by 56?
54
Let s = -5338 + 5495. Calculate the remainder when 478 is divided by s.
7
Let b = 32496 + -32450. Let o = 65 + -40. What is the remainder when b is divided by o?
21
Calculate the remainder when 1043 is divided by (-3)/((0 - 1)*(-45)/(-135)).
8
Let g be (0 - -1) + -4 + -1. Let y(n) = 4*n**2 + 3*n + 10. What is the remainder when y(g) is divided by (2 + -34)/(-9 - -7)?
14
What is the remainder when 534 is divided by -1 - -63 - (340/136)/(3/(-6))?
65
Let x(c) = 33*c**2 + 35*c + 58. Calculate the remainder when x(8) is divided by 205.
195
Let n = 200 - 193. Suppose 84 = -n*q + 13*q. Calculate the remainder when q is divided by 2.
0
Let i(n) = 3*n**2 - 35*n + 14. Let k(p) = 4*p - 44. Let h be k(14). What is the remainder when i(h) is divided by 10?
6
Suppose 262 = 3*t - 362. Let f = -173 + t. Calculate the remainder when 67 is divided by f.
32
Let w = 7 - 4. Let t(a) = 2*a**2 + 2*a - 14. Let z(q) = -11*q**2 - 10*q + 67. Let o(i) = -29*t(i) - 6*z(i). Calculate the remainder when o(w) is divided by 12.
10
Let a = 823 - 669. What is the remainder when 322 is divided by a?
14
Suppose -27*x + 795 = 54*x - 28*x. Calculate the remainder when x is divided by (3 + -2)/(1/7).
1
Suppose -29*p + 27*p - 8 = 0. Let k = p + 8. Calculate the remainder when (-249)/(-108)*k - (-4)/(-18) is divided by 2.
1
Let c(w) = -w**3 + 16*w + 6. Calculate the remainder when 173 is divided by c(-4).
5
Let a(i) = i**3 - 5*i**2 - 6*i + 153. What is the remainder when a(8) is divided by 106?
85
Suppose 0 = 7*v - 2*v - 405. Suppose 2*w - 26 = 118. Suppose -41 = -3*o - 5*s, 4*o - w = 3*s - s. What is the remainder when v is divided by o?
13
Let j(y) = y**2 - 7*y + 34. What is the remainder when 21/84*(1521 - -3) is divided by j(10)?
61
Suppose 4*r + 3*b - 350 = 0, -3*r = 2*b - 260 - 2. Let d = -66 + r. Calculate the remainder when 135 is divided by d.
15
Let c be (155/15)/((-1)/(-12)). Suppose -c + 4 = -10*d. What is the remainder when 51 is divided by d?
3
Suppose 0 = 8*h - 2*h - 54. Let w(c) = c**2 - 25*c + 148. What is the remainder when w(6) is divided by h?
7
Let b(c) = 2*c**3 - 21*c**2 + 10*c + 5. Let n be b(10). Suppose 0 = -n*p + 419 - 104. Calculate the remainder when p is divided by 22.
19
Suppose 0 = -2*v - 718*d + 723*d + 33, 2*v - 24 = -4*d. Let y(u) = -9*u - 4. Calculate the remainder when y(-3) is divided by v.
9
Suppose n + 3*k = 505 + 35, -535 = -n - 2*k. Let h = n - 389. Calculate the remainder when h is divided by 6.
4
Let r(o) = o**3 - 13*o**2 + 11*o + 13. Let z be r(12). Let g = z + 10. Let y(f) = f**3 - 12*f**2 + 14*f - 3. Calculate the remainder when y(g) is divided by 16.
14
Suppose 7*y - 720 = 3*y. Suppose 5*l - l - y = 0. Suppose -2*v = 113 - 145. Calculate the remainder when l is divided by v.
13
Let l(b) = b + 2. Let p be l(8). Suppose 0 = 12*n + n - 221. What is the remainder when (532/(-35))/((-1)/p) is divided by n?
16
Let l = -240 + -9. Let u = -150 - l. Calculate the remainder when u is divided by 2/(-10) - (-378)/15.
24
Let f(i) = -2*i**3 - 14*i**2 + 21*i + 272. What is the remainder when 2023 is divided by f(-11)?
5
Let u = -411 - -424. Suppose -r = 3*r - 24. What is the remainder when (-6)/(u + -7)*-9 is divided by r?
3
Let n be (3 - 2)*(8 + -56). Let k = 53 + n. Suppose -r = -4*j - 2*r + 209, -k*j + 268 = -r. Calculate the remainder when j is divided by 11.
9
Let f = 12496 + -12353. What is the remainder when 146 is divided by f?
3
Let m(h) = -2*h**3 - 30*h**2 + 35*h + 213. What is the remainder when 4782 is divided by m(-16)?
162
Calculate the remainder when 123 is divided by ((-20)/(-30))/(24/972).
15
Let q(z) = -5*z + 7. Let x(g) = g**3 - 13*g**2 + 21*g + 15. Let v be x(10). Let n = 83 + v. What is the remainder when q(-3) is divided by n?
6
Let d(y) = y**2 + 18*y + 8. Let z be d(-18). Suppose z*a + 72 = 3*k + 5*a, -a = 3. Calculate the remainder when 123 is divided by k.
18
Let s = 88 - 53. Suppose -7*v = v + 64. Let l = v + s. Calculate the remainder when 78 is divided by l.
24
Suppose -61 + 106 - 126 = -9*a. What is the remainder when 1222 is divided by a?
7
Let w(i) = 20*i**3 - 42*i**2 - 16. What is the remainder when w(3) is divided by 137?
9
Suppose -2*i + 31 = -5*a, -3 = 4*i + 4*a - a. Suppose 22 = -i*c + 76. Suppose -355*d + 358*d = 252. Calculate the remainder when d is divided by c.
12
Let m(n) be the first derivative of 2*n**2 - 5*n - 8. Let g = -43 + 47. What is the remainder when m(4) is divided by g?
3
Let t = -515 + 1210. Suppose -15*f + 20*f = -5*h + t, -4*f = 20. What is the remainder when h is divided by 30?
24
Suppose 2*t + h = 229, t - 16*h + 11*h = 65. What is the remainder when 2739 is divided by t?
99
Suppose 4*p = -3*r + p + 15, -70 = -5*r + 4*p. Let y = 104 - 69. Suppose -34 = -2*x + 4*t, -5*x = -3*t - 15 